{"id":2366,"date":"2021-09-24T15:43:59","date_gmt":"2021-09-24T19:43:59","guid":{"rendered":"https:\/\/eps-sdg.ca\/careers\/"},"modified":"2026-08-19T08:48:27","modified_gmt":"2026-08-19T12:48:27","slug":"offres-d-emploi","status":"publish","type":"page","link":"https:\/\/eps-sdg.ca\/en\/offres-d-emploi\/","title":{"rendered":"Careers"},"content":{"rendered":"<\/p>\n\n\n\n<p class=\"wp-block-paragraph\">Kindly be informed that our job vacancies are posted exclusively in French. As a francophone organization, we are specifically seeking applications from individuals fluent in French.<\/p>\n\n\n<p>\n\n\n\n<h4 class=\"wp-block-heading\"><strong>Available positions:<\/strong><\/h4>\n\n\n\n<p class=\"wp-block-paragraph\">Explore our current employment opportunities below. If no positions are listed, please check back regularly for new opportunities.<\/p>\n\n\n\n<div style=\"height:100px\" aria-hidden=\"true\" class=\"wp-block-spacer\"><\/div>\n\n\n\n<h4 class=\"wp-block-heading\"><strong>Occasional substitute positions:&nbsp;<\/strong><\/h4>\n\n\n\n<ul class=\"wp-block-list\">\n<li><a href=\"\/downloads\/offresdemploi\/AFFICHAGE-suppleance-INTERVENANT\u00b7E-EN-DEFICIENCE-INTELLECTUELLE-SUPPLEANT\u00b7E.pdf\" target=\"_blank\" rel=\"noreferrer noopener\">Intervenant\u00b7e en d\u00e9ficience intellectuelle<\/a><\/li>\n\n\n\n<li><a href=\"\/downloads\/offresdemploi\/AFFICHAGE-Educatrice-teur-de-la-petite-enfance-suppleance.pdf\" target=\"_blank\" rel=\"noreferrer noopener\">\u00c9ducatrice ou \u00e9ducateur de la petite enfance<\/a><\/li>\n\n\n\n<li><a href=\"\/downloads\/offresdemploi\/AFFICHAGE-Educatrice-teur-specialise\u00b7e-Suppleance.pdf\" target=\"_blank\" rel=\"noreferrer noopener\">\u00c9ducatrice ou \u00e9ducateur sp\u00e9cialis\u00e9\u00b7e<\/a><\/li>\n<\/ul>\n\n\n\n\n\n\n<div class=\"wp-block-columns is-layout-flex wp-container-core-columns-is-layout-8f761849 wp-block-columns-is-layout-flex\">\n<div class=\"wp-block-column is-layout-flow wp-block-column-is-layout-flow\" style=\"flex-basis:33.33%\">\n<figure class=\"wp-block-image size-full\"><img loading=\"lazy\" decoding=\"async\" width=\"1024\" height=\"617\" src=\"https:\/\/eps-sdg.ca\/wp-content\/uploads\/2025\/05\/IDEA_Logo_1.png\" alt=\"\" class=\"wp-image-4771\" srcset=\"https:\/\/eps-sdg.ca\/wp-content\/uploads\/2025\/05\/IDEA_Logo_1.png 1024w, https:\/\/eps-sdg.ca\/wp-content\/uploads\/2025\/05\/IDEA_Logo_1-980x590.png 980w, https:\/\/eps-sdg.ca\/wp-content\/uploads\/2025\/05\/IDEA_Logo_1-480x289.png 480w\" sizes=\"(min-width: 0px) and (max-width: 480px) 480px, (min-width: 481px) and (max-width: 980px) 980px, (min-width: 981px) 1024px, 100vw\" \/><\/figure>\n<\/div>\n\n\n\n<div class=\"wp-block-column is-layout-flow wp-block-column-is-layout-flow\" style=\"flex-basis:66.66%\">\n<p class=\"wp-block-paragraph\">As a proud member of the <em><a href=\"https:\/\/unitedwaysdg.com\/what-we-do\/idea-community-coalition\/\" data-type=\"link\" data-id=\"https:\/\/unitedwaysdg.com\/what-we-do\/coalition-communautaire-idea\/\" target=\"_blank\" rel=\"noreferrer noopener\">IDEA Community Coalition<\/a><\/em>, Bien ici (formerly l\u2019\u00c9quipe psycho-sociale de SDG) is committed to promoting equity, diversity, inclusion, anti-oppression, and Truth and Reconciliation. We collaborate with local organizations and agencies to address systemic barriers and create lasting change. By focusing on community equity, continuous learning, inclusive practices, policy evaluation, and data-driven accountability, we strive to foster a more inclusive and just community for everyone.<\/p>\n<\/div>\n<\/div>","protected":false},"excerpt":{"rendered":"<p>Postes \u00e0 pourvoir&nbsp;: Consultez ci-dessous nos possibilit\u00e9s d\u2019emploi actuelles. Si aucun poste n\u2019est affich\u00e9, nous vous invitons \u00e0 revenir r\u00e9guli\u00e8rement pour d\u00e9couvrir nos nouvelles offres. Postes de suppl\u00e9ance occasionelle&nbsp;:&nbsp; En tant que fier membre de la Coalition communautaire IDEA, Bien ici s\u2019engage \u00e0 promouvoir l\u2019\u00e9quit\u00e9, la diversit\u00e9, l\u2019inclusion, la lutte contre l\u2019oppression, ainsi que la [&hellip;]<\/p>\n","protected":false},"author":1,"featured_media":0,"parent":0,"menu_order":0,"comment_status":"closed","ping_status":"closed","template":"","meta":{"_et_pb_use_builder":"","_et_pb_old_content":"","_et_gb_content_width":"","footnotes":""},"class_list":["post-2366","page","type-page","status-publish","hentry"],"_links":{"self":[{"href":"https:\/\/eps-sdg.ca\/en\/wp-json\/wp\/v2\/pages\/2366","targetHints":{"allow":["GET"]}}],"collection":[{"href":"https:\/\/eps-sdg.ca\/en\/wp-json\/wp\/v2\/pages"}],"about":[{"href":"https:\/\/eps-sdg.ca\/en\/wp-json\/wp\/v2\/types\/page"}],"author":[{"embeddable":true,"href":"https:\/\/eps-sdg.ca\/en\/wp-json\/wp\/v2\/users\/1"}],"replies":[{"embeddable":true,"href":"https:\/\/eps-sdg.ca\/en\/wp-json\/wp\/v2\/comments?post=2366"}],"version-history":[{"count":37,"href":"https:\/\/eps-sdg.ca\/en\/wp-json\/wp\/v2\/pages\/2366\/revisions"}],"predecessor-version":[{"id":4858,"href":"https:\/\/eps-sdg.ca\/en\/wp-json\/wp\/v2\/pages\/2366\/revisions\/4858"}],"wp:attachment":[{"href":"https:\/\/eps-sdg.ca\/en\/wp-json\/wp\/v2\/media?parent=2366"}],"curies":[{"name":"wp","href":"https:\/\/api.w.org\/{rel}","templated":true}]}}

</p>



<p class="wp-block-paragraph">Kindly be informed that our job vacancies are posted exclusively in French. As a francophone organization, we are specifically seeking applications from individuals fluent in French.</p>


<p>



<h4 class="wp-block-heading"><strong>Available positions:</strong></h4>



<p class="wp-block-paragraph">Explore our current employment opportunities below. If no positions are listed, please check back regularly for new opportunities.</p>



<div style="height:100px" aria-hidden="true" class="wp-block-spacer"></div>



<h4 class="wp-block-heading"><strong>Occasional substitute positions:&nbsp;</strong></h4>



<ul class="wp-block-list">
<li><a href="/downloads/offresdemploi/AFFICHAGE-suppleance-INTERVENANT·E-EN-DEFICIENCE-INTELLECTUELLE-SUPPLEANT·E.pdf" target="_blank" rel="noreferrer noopener">Intervenant·e en déficience intellectuelle</a></li>



<li><a href="/downloads/offresdemploi/AFFICHAGE-Educatrice-teur-de-la-petite-enfance-suppleance.pdf" target="_blank" rel="noreferrer noopener">Éducatrice ou éducateur de la petite enfance</a></li>



<li><a href="/downloads/offresdemploi/AFFICHAGE-Educatrice-teur-specialise·e-Suppleance.pdf" target="_blank" rel="noreferrer noopener">Éducatrice ou éducateur spécialisé·e</a></li>
</ul>






<div class="wp-block-columns is-layout-flex wp-container-core-columns-is-layout-8f761849 wp-block-columns-is-layout-flex">
<div class="wp-block-column is-layout-flow wp-block-column-is-layout-flow" style="flex-basis:33.33%">
<figure class="wp-block-image size-full"><img loading="lazy" decoding="async" width="1024" height="617" src="https://eps-sdg.ca/wp-content/uploads/2025/05/IDEA_Logo_1.png" alt="" class="wp-image-4771" srcset="https://eps-sdg.ca/wp-content/uploads/2025/05/IDEA_Logo_1.png 1024w, https://eps-sdg.ca/wp-content/uploads/2025/05/IDEA_Logo_1-980x590.png 980w, https://eps-sdg.ca/wp-content/uploads/2025/05/IDEA_Logo_1-480x289.png 480w" sizes="(min-width: 0px) and (max-width: 480px) 480px, (min-width: 481px) and (max-width: 980px) 980px, (min-width: 981px) 1024px, 100vw" /></figure>
</div>



<div class="wp-block-column is-layout-flow wp-block-column-is-layout-flow" style="flex-basis:66.66%">
<p class="wp-block-paragraph">As a proud member of the <em><a href="https://unitedwaysdg.com/what-we-do/idea-community-coalition/" data-type="link" data-id="https://unitedwaysdg.com/what-we-do/coalition-communautaire-idea/" target="_blank" rel="noreferrer noopener">IDEA Community Coalition</a></em>, Bien ici (formerly l’Équipe psycho-sociale de SDG) is committed to promoting equity, diversity, inclusion, anti-oppression, and Truth and Reconciliation. We collaborate with local organizations and agencies to address systemic barriers and create lasting change. By focusing on community equity, continuous learning, inclusive practices, policy evaluation, and data-driven accountability, we strive to foster a more inclusive and just community for everyone.</p>
</div>
</div>

<p>Postes à pourvoir&nbsp;: Consultez ci-dessous nos possibilités d’emploi actuelles. Si aucun poste n’est affiché, nous vous invitons à revenir régulièrement pour découvrir nos nouvelles offres. Postes de suppléance occasionelle&nbsp;:&nbsp; En tant que fier membre de la Coalition communautaire IDEA, Bien ici s’engage à promouvoir l’équité, la diversité, l’inclusion, la lutte contre l’oppression, ainsi que la [&hellip;]</p>
